{"id":27155,"date":"2023-06-27T09:35:01","date_gmt":"2023-06-27T07:35:01","guid":{"rendered":"https:\/\/www.treurer.com\/?post_type=product&#038;p=27155"},"modified":"2026-04-27T16:04:11","modified_gmt":"2026-04-27T14:04:11","slug":"sabores-treurer","status":"publish","type":"product","link":"https:\/\/treurer.com\/ca\/producto\/sabores-treurer\/","title":{"rendered":"Sabores Treurer"},"content":{"rendered":"<p>Al caer el sol, Finca Treurer abre sus puertas para una experiencia singular que marida tradici\u00f3n, sabor y cultura en un marco incomparable. Bajo el nombre &#8220;Sabores Treurer&#8221;, este evento se inicia ofreciendo a los participantes una velada que comienza con una cata de aceite de oliva virgen extra y culmina en una noche gastron\u00f3mica excepcional.<\/p>\n<p><strong>La tarde se inicia con una cata de aceite de oliva,<\/strong> una oportunidad excepcional para sumergirse en la fascinante historia y la rica cultura del aceite de oliva. Un experto gu\u00eda a los visitantes a trav\u00e9s de las complejidades del aceite de oliva virgen extra de Treurer, ense\u00f1ando c\u00f3mo apreciar sus distintos matices.<\/p>\n<p>El Chef Jos\u00e9 Cort\u00e9s toma el mando en la cocina, transformando ingredientes frescos y locales en un fest\u00edn de tapas que deleitar\u00e1n al m\u00e1s exigente de los paladares. Cada tapa es un homenaje a la gastronom\u00eda mallorquina, reinventada con un toque moderno y personal, siempre con <strong>Aceite de Oliva Virgen Extra Treurer como un actor protagonista<\/strong>.<\/p>\n<p>&nbsp;<\/p>\n<div class=\"fhCalendar1\"><script src=\"https:\/\/fareharbor.com\/embeds\/script\/calendar-small\/treurer\/items\/709266\/?fallback=simple&#038;full-items=yes&#038;flow=1579301\"><\/script><\/div>\n<p><script>  \n  jQuery(document).ready(function($){\nvar fhCalendar1 = $('.fhCalendar1');\n$('body > div.elementor.elementor-27261.elementor-location-single.post-27155.product.type-product.status-publish.has-post-thumbnail.product_cat-experiencia-gastronomica.first.instock.virtual.sold-individually.taxable.purchasable.product-type-booking.product > section.elementor-section.elementor-top-section.elementor-element.elementor-element-55dab4e.elementor-section-boxed.elementor-section-height-default.elementor-section-height-default > div > div > div > section.elementor-section.elementor-inner-section.elementor-element.elementor-element-9667657.elementor-section-full_width.elementor-section-content-top.elementor-section-height-default.elementor-section-height-default > div > div.elementor-column.elementor-col-50.elementor-inner-column.elementor-element.elementor-element-d3171b5 > div > div.elementor-element.elementor-element-b37302e.elementor-widget.elementor-widget-heading > div').replaceWith(fhCalendar1);\n  });\n<\/script><\/p>\n","protected":false},"excerpt":{"rendered":"<p>El Chef Jos\u00e9 Cort\u00e9s toma el mando en la cocina, transformando ingredientes frescos y locales en un fest\u00edn de tapas. Cada tapa es un homenaje a la gastronom\u00eda mallorquina, reinventada con un toque moderno y personal, siempre con <strong>Aceite de Oliva Virgen Extra Treurer como un actor protagonista<\/strong>.<\/p>\n","protected":false},"featured_media":27180,"comment_status":"closed","ping_status":"closed","template":"","meta":{"_acf_changed":false,"content-type":"","_joinchat":[]},"product_brand":[],"product_cat":[311],"product_tag":[],"class_list":{"0":"post-27155","1":"product","2":"type-product","3":"status-publish","4":"has-post-thumbnail","6":"product_cat-experiencia-gastronomica","8":"first","9":"outofstock","10":"virtual","11":"taxable","12":"product-type-simple"},"acf":[],"_links":{"self":[{"href":"https:\/\/treurer.com\/ca\/wp-json\/wp\/v2\/product\/27155","targetHints":{"allow":["GET"]}}],"collection":[{"href":"https:\/\/treurer.com\/ca\/wp-json\/wp\/v2\/product"}],"about":[{"href":"https:\/\/treurer.com\/ca\/wp-json\/wp\/v2\/types\/product"}],"replies":[{"embeddable":true,"href":"https:\/\/treurer.com\/ca\/wp-json\/wp\/v2\/comments?post=27155"}],"version-history":[{"count":27,"href":"https:\/\/treurer.com\/ca\/wp-json\/wp\/v2\/product\/27155\/revisions"}],"predecessor-version":[{"id":27435,"href":"https:\/\/treurer.com\/ca\/wp-json\/wp\/v2\/product\/27155\/revisions\/27435"}],"wp:featuredmedia":[{"embeddable":true,"href":"https:\/\/treurer.com\/ca\/wp-json\/wp\/v2\/media\/27180"}],"wp:attachment":[{"href":"https:\/\/treurer.com\/ca\/wp-json\/wp\/v2\/media?parent=27155"}],"wp:term":[{"taxonomy":"product_brand","embeddable":true,"href":"https:\/\/treurer.com\/ca\/wp-json\/wp\/v2\/product_brand?post=27155"},{"taxonomy":"product_cat","embeddable":true,"href":"https:\/\/treurer.com\/ca\/wp-json\/wp\/v2\/product_cat?post=27155"},{"taxonomy":"product_tag","embeddable":true,"href":"https:\/\/treurer.com\/ca\/wp-json\/wp\/v2\/product_tag?post=27155"}],"curies":[{"name":"wp","href":"https:\/\/api.w.org\/{rel}","templated":true}]}}

<p>Al caer el sol, Finca Treurer abre sus puertas para una experiencia singular que marida tradición, sabor y cultura en un marco incomparable. Bajo el nombre &#8220;Sabores Treurer&#8221;, este evento se inicia ofreciendo a los participantes una velada que comienza con una cata de aceite de oliva virgen extra y culmina en una noche gastronómica excepcional.</p>
<p><strong>La tarde se inicia con una cata de aceite de oliva,</strong> una oportunidad excepcional para sumergirse en la fascinante historia y la rica cultura del aceite de oliva. Un experto guía a los visitantes a través de las complejidades del aceite de oliva virgen extra de Treurer, enseñando cómo apreciar sus distintos matices.</p>
<p>El Chef José Cortés toma el mando en la cocina, transformando ingredientes frescos y locales en un festín de tapas que deleitarán al más exigente de los paladares. Cada tapa es un homenaje a la gastronomía mallorquina, reinventada con un toque moderno y personal, siempre con <strong>Aceite de Oliva Virgen Extra Treurer como un actor protagonista</strong>.</p>
<p>&nbsp;</p>
<div class="fhCalendar1"><script src="https://fareharbor.com/embeds/script/calendar-small/treurer/items/709266/?fallback=simple&#038;full-items=yes&#038;flow=1579301"></script></div>
<p><script>  
  jQuery(document).ready(function($){
var fhCalendar1 = $('.fhCalendar1');
$('body > div.elementor.elementor-27261.elementor-location-single.post-27155.product.type-product.status-publish.has-post-thumbnail.product_cat-experiencia-gastronomica.first.instock.virtual.sold-individually.taxable.purchasable.product-type-booking.product > section.elementor-section.elementor-top-section.elementor-element.elementor-element-55dab4e.elementor-section-boxed.elementor-section-height-default.elementor-section-height-default > div > div > div > section.elementor-section.elementor-inner-section.elementor-element.elementor-element-9667657.elementor-section-full_width.elementor-section-content-top.elementor-section-height-default.elementor-section-height-default > div > div.elementor-column.elementor-col-50.elementor-inner-column.elementor-element.elementor-element-d3171b5 > div > div.elementor-element.elementor-element-b37302e.elementor-widget.elementor-widget-heading > div').replaceWith(fhCalendar1);
  });
</script></p>

<p>El Chef José Cortés toma el mando en la cocina, transformando ingredientes frescos y locales en un festín de tapas. Cada tapa es un homenaje a la gastronomía mallorquina, reinventada con un toque moderno y personal, siempre con <strong>Aceite de Oliva Virgen Extra Treurer como un actor protagonista</strong>.</p>
